{"id":191,"date":"2024-03-12T12:56:52","date_gmt":"2024-03-12T11:56:52","guid":{"rendered":"https:\/\/speis.org\/?page_id=191"},"modified":"2024-03-12T13:08:56","modified_gmt":"2024-03-12T12:08:56","slug":"impressum","status":"publish","type":"page","link":"https:\/\/speis.org\/?page_id=191","title":{"rendered":"Impressum"},"content":{"rendered":"\n<p>D\u2019Speis- Verein zur F\u00f6rderung des Umweltschutzes und regionaler<br>Lebensmittelnetzwerke<br>ZVR-Zahl 412436560<br>1150 Wien, Markgraf R\u00fcdigerstra\u00dfe 14\/2<\/p>\n","protected":false},"excerpt":{"rendered":"<p>D\u2019Speis- Verein zur F\u00f6rderung des Umweltschutzes und regionalerLebensmittelnetzwerkeZVR-Zahl 4124365601150 Wien, Markgraf R\u00fcdigerstra\u00dfe 14\/2<\/p>\n","protected":false},"author":138,"featured_media":0,"parent":39,"menu_order":0,"comment_status":"closed","ping_status":"closed","template":"","meta":{"publish_to_discourse":"","publish_post_category":"","wpdc_auto_publish_overridden":"","wpdc_topic_tags":"","wpdc_pin_topic":"","wpdc_pin_until":"","discourse_post_id":"","discourse_permalink":"","wpdc_publishing_response":"","wpdc_publishing_error":"","footnotes":""},"class_list":["post-191","page","type-page","status-publish","h-entry","hentry","h-as-page"],"_links":{"self":[{"href":"https:\/\/speis.org\/index.php?rest_route=\/wp\/v2\/pages\/191","targetHints":{"allow":["GET"]}}],"collection":[{"href":"https:\/\/speis.org\/index.php?rest_route=\/wp\/v2\/pages"}],"about":[{"href":"https:\/\/speis.org\/index.php?rest_route=\/wp\/v2\/types\/page"}],"author":[{"embeddable":true,"href":"https:\/\/speis.org\/index.php?rest_route=\/wp\/v2\/users\/138"}],"replies":[{"embeddable":true,"href":"https:\/\/speis.org\/index.php?rest_route=%2Fwp%2Fv2%2Fcomments&post=191"}],"version-history":[{"count":1,"href":"https:\/\/speis.org\/index.php?rest_route=\/wp\/v2\/pages\/191\/revisions"}],"predecessor-version":[{"id":192,"href":"https:\/\/speis.org\/index.php?rest_route=\/wp\/v2\/pages\/191\/revisions\/192"}],"up":[{"embeddable":true,"href":"https:\/\/speis.org\/index.php?rest_route=\/wp\/v2\/pages\/39"}],"wp:attachment":[{"href":"https:\/\/speis.org\/index.php?rest_route=%2Fwp%2Fv2%2Fmedia&parent=191"}],"curies":[{"name":"wp","href":"https:\/\/api.w.org\/{rel}","templated":true}]}}